 - k/(-14) a composite number?
True
Suppose -2*g + 3*i + 27 = g, 15 = -3*i. Let s(a) = a**2 - a - 5. Let u be s(g). Suppose -u*o + 11*o - 52 = 0. Is o a prime number?
True
Let x(v) = -v**2 + 4*v - 1. Let l(d) = d**2 - d. Let f(w) = -3*l(w) - x(w). Let z be f(-2). Let q = 90 + z. Is q composite?
True
Let n = 1807 - 998. Is n a composite number?
False
Let w(z) = -195*z - 1. Is w(-1) a prime number?
False
Let s(t) = 239*t - 2. Is s(1) composite?
True
Suppose 14 = -5*h + 4*k, -h + 8 = -3*h + 4*k. Let p be (33/h)/(3/(-30)). Suppose -o - 2*o + p = 0. Is o prime?
False
Let j(s) be the second derivative of -s**5/20 + 5*s**4/6 + s**3/6 + 9*s**2/2 + s. Is j(10) a prime number?
True
Is 3/((-3)/(-44)) - -2 a prime number?
False
Let q(u) = -2*u**3 - 2*u**2 - 4*u + 1. Let j = -8 + 11. Let s = j - 6. Is q(s) prime?
False
Suppose 0 = 5*c - 5960 - 2070. Is c/5 - (-1)/(-5) a prime number?
False
Suppose -6 + 4 = 2*b. Let g(n) = -n. Let k(v) = 8*v - 1. Let x(l) = b*k(l) - 5*g(l). Is x(-6) prime?
True
Let o = 7 - 4. Let r = o + 82. Is r a composite number?
True
Let x(v) = v**2 - 8*v + 2. Let d be x(8). Suppose 0 = 3*a - d*h - 569, 6 - 18 = 3*h. Is a a composite number?
True
Let j(s) = 63*s**3 - s**2 - 4*s + 7. Is j(2) a composite number?
False
Suppose 2*k + 4*q = 8, q - 8 = -4*k + 8. Let i = -2 - -5. Let n = k + i. Is n prime?
True
Is -1 - (-5)/((-15)/(-1236)) composite?
True
Let i = -15 - -8. Let t(l) = 2*l**2 - 5*l. Is t(i) a composite number?
True
Let m = 2442 + 315. Is m a prime number?
False
Let b = 7 - 0. Let c = b - 4. Suppose c*i - 93 = -0*i. Is i a composite number?
False
Let t(j) = -18*j + 1. Suppose -2*u - 2*u = 5*h - 5, -2*h + 4*u - 26 = 0. Is t(h) a prime number?
False
Let q(p) = p**2 - p - 1. Let g be q(-5). Let j = 20 + g. Is j prime?
False
Let y be (-32)/(-10) - (-3)/(-15). Let q(f) = 44*f + 2. Is q(y) composite?
True
Suppose 3246 = 5*s + 3*b - 2*b, 2*b + 1945 = 3*s. Is s a composite number?
True
Let a = -5 + 5. Suppose 2*d - 4*p + 8 - 42 = a, -5*d + 10 = 5*p. Is d a prime number?
True
Let a = -1 - -5. Let h(s) = -s**2 + 4*s. Let p be h(a). Suppose 5*n + 4*q - 59 = p, -5*q = -n - 0*n + 35. Is n prime?
False
Suppose -5*l + 3*v + 519 = 0, -4*l + v = 3*v - 402. Let p = l - 23. Is p a composite number?
False
Is -1 + 2 + (-17 - -183) composite?
False
Is (-2053)/((-4 - 0)/4) prime?
True
Let h be 3 + -2 + 24 + -2. Let j(y) = -y**2 - 4*y - 5. Let r be j(-5). Let s = r + h. Is s a composite number?
False
Is 1605/(-20)*28/(-3) a composite number?
True
Let u be 1/1 + -6 - -2. Is (u - -2)/((-1)/83) composite?
False
Suppose 188 = 2*u - 4*u. Let r = u - -207. Is r a prime number?
True
Suppose 2*v - 292 = 2*w, -2*w + 730 = 5*v - 0*w. Suppose -3*c - p = -0*p - 20, 3*c - 14 = 2*p. Suppose c - v = -4*d. Is d a prime number?
False
Suppose 2*x - 388 = -3*o, 2*o = -x - 0*x + 195. Let v = x + -32. Is v a composite number?
True
Suppose -109 = -a + 94. Is a composite?
True
Let w(f) = f**2 + 2*f. Let h be w(-3). Suppose h*u - 31 = 2*u. Let x = u + -5. Is x prime?
False
Suppose 0*u - 4*u + 88 = 0. Let a = u + -11. Is a a prime number?
True
Suppose 2*b = 14 + 100. Is b prime?
False
Suppose h - q + 670 = 2*h, -6 = 2*q. Is h prime?
True
Let m(h) = h**2 + h + 1. Let l be m(-2). Is -67*l/(3 - 6) prime?
True
Suppose 0 = -5*p + 969 + 86. Is p composite?
False
Let h = 11 + -8. Suppose -4*o - c + 0*c + 7 = 0, 9 = h*o - 3*c. Is o a prime number?
True
Let s(r) = 3*r - 1. Let i(f) = -4*f + 1. Let p(c) = 2*i(c) + 3*s(c). Let z be p(5). Is 1*z/(12/45) a prime number?
False
Let w(r) = r**2 + r + 3. Let p be w(-3). Let h be (p/4)/(3/104). Suppose 0 = 2*q - 5*q + h. Is q a prime number?
False
Let t be 4 + (-2 - (0 - 2)). Suppose -t = -5*h + 6. Suppose h*i - 50 = 20. Is i a prime number?
False
Let a(j) = 26*j**2 + 15*j - 1. Is a(3) a prime number?
False
Let k(y) = -16*y**2 - 6*y - 25. Let h(w) = 11*w**2 + 4*w + 17. Let n(u) = -7*h(u) - 5*k(u). Is n(-4) prime?
False
Let g be (25/4)/((-4)/(-80)). Suppose 0 = -4*r + g + 231. Is r prime?
True
Suppose -7*b = -3*b. Suppose -2*a - y + 1349 = b, -19 = 5*y + 6. Is a a prime number?
True
Suppose -36865 = -5*j + 5*b, 5*j - 4*b = 4*j + 7385. Is j a composite number?
False
Suppose -2*q = 2*q - 96. Suppose -5*h = -5*t - 15 - 25, 44 = -5*t + 3*h. Let o = t + q. Is o composite?
True
Let j = -66 - -135. Is j a composite number?
True
Let a = -19 + 11. Let j(m) = -m**3 - 2*m**2 + 9*m - 3. Let d be j(a). Let r = d + -118. Is r composite?
False
Let c(d) = 2140*d + 9. Is c(1) a composite number?
True
Suppose 1 = 2*g + 11. Let w be (-85)/(-25) + (-3)/g. Suppose 3*s = w*d - 192, 2*d + 3*s - 73 = 41. Is d a composite number?
True
Let m = -3 + 6. Suppose -4*f + 44 = 3*w, 2*w - m*f - 32 = w. Suppose -4*g = 3*l - 152, 0 = 3*l + 2*l - w. Is g composite?
True
Let x = -9 + 14. Suppose -x*y = -856 + 221. Is y prime?
True
Let n = 317 + -103. Is n composite?
True
Let g(k) = k**3 + 6*k**2 - 7*k + 7. Let v be g(-7). Let x(m) = -m**2 + 8*m - 4. Let d be x(v). Suppose 2*f = d*w + 9, -f + 7 = 2*f + 2*w. Is f composite?
False
Suppose 2*y + 2*z = 2954, 2*y - y - 3*z = 1477. Is y a composite number?
True
Let b(n) = 380*n**2 + 3*n + 2. Is b(-1) composite?
False
Suppose -n - 3*n + 940 = 0. Is n prime?
False
Suppose -h + 1 = -3. Suppose c = h*c - 429. Is c prime?
False
Let d be 6/9 - (-1929)/9. Suppose -5*s - 2*y + d - 28 = 0, 2*y + 146 = 4*s. Is s prime?
True
Is 2*((-11985)/40)/(3/(-4)) a prime number?
False
Let w = 0 + -4. Let l(a) = a**2 + a. Let s(q) = -2*q**3 - 6*q**2 - 2*q - 3. Let t(z) = 4*l(z) + s(z). Is t(w) a composite number?
True
Suppose 0 = 5*n - 2*j - 1327, 0*j - 5*j = -5*n + 1315. Is n prime?
False
Is 1616/10 - (-6)/(-10) composite?
True
Suppose 2*o = -5*w + 8999, 3614 = 2*w - 2*o - 2*o. Is w composite?
False
Let s(t) = -18*t + 3. Is s(-5) composite?
True
Let j(o) = -o**3 - 7*o**2 - 6*o + 2. Let k be j(-6). Suppose k*s + 575 = 7*s. Is s a composite number?
True
Suppose -v + t = -253, -2*v + 494 = 3*t + t. Is v composite?
False
Let t = -7 - -11. Is (-1)/t - (-154)/8 composite?
False
Let j(d) = 8*d**2 - 12*d + 51. Is j(22) prime?
True
Suppose -3*l + 2 = -2*l. Suppose 3*s = l*b - 0*s - 88, b + 3*s - 53 = 0. Is b composite?
False
Let b be (2/2)/((-4)/(-16)). Suppose 2*m - 353 = -3*k, 0 = -b*k - 3*m + 2*m + 474. Suppose -3*j = -k - 46. Is j a composite number?
True
Let v(l) = -9*l + 10. Is v(-11) composite?
False
Let v = 27 - 39. Let p be (-2 + (-15)/v)*-4. Suppose p*s - 117 = 3*u, 3*s + u + u = 92. Is s prime?
False
Let o be 4038/21 + 4/(-14). Suppose 0 = -3*z + o + 30. Is z a composite number?
True
Let y be (-3)/5 - 54/10. Is ((-1041)/(-9))/((-2)/y) a prime number?
True
Suppose 15 = 4*y - y. Suppose y*u = 3*n - 7, 0 = -u - u + 2*n - 2. Is (u + (-27)/6)*-14 prime?
False
Let t be 0 - -1 - 1 - 62. Let a = t + 189. Is a composite?
False
Suppose -156 = -5*u + 6659. Is u composite?
True
Let t = 834 - 541. Is t a composite number?
False
Suppose 2*v - v = 2. Suppose -3*u + u = 2*l + v, -u + 4*l + 24 = 0. Is u prime?
False
Is (-2564)/(-2)*(-3 - 7/(-2)) a prime number?
True
Let g(b) = b - 2. Let s be g(-7). Is (-8886)/s*(-3)/(-2) a composite number?
False
Suppose -3*k - i - 3*i = -28, 5*k - 16 = i. Suppose 0 = -k*a - 2*a + 2910. Is a composite?
True
Let h(y) = 8*y**3 + y**2 - 4*y + 5. Is h(2) a composite number?
True
Let n = 50 - -97. Suppose n + 137 = 4*a. Is a composite?
False
Suppose 0 = -3*k + 3 + 12. Let f = k + -4. Is ((-18)/(-8) - f)*12 a composite number?
True
Is (-6312)/(-36)*(-3)/(-2) a prime number?
True
Let x be 94/10 - 2/5. Suppose 5*o - x = 1. Suppose 63 = o*h - 67. Is h composite?
True
Let l(v) = 3*v**2 + 5 - 4*v**2 + 2*v**2. Is l(8) a composite number?
True
Let m be (1/3)/(9/1242). Is (1 - 4)/((-3)/m) prime?
False
Suppose z + 0*z = 96. Suppose 2*i + z = 2*b, 4*i + 2 - 14 = 0. Is b composite?
True
Suppose 0 = -2*m - 5*r + 41, -60 = -2*m - 4*r - 16. Let j(d) = d**2 + 10*d + 7. Let u be j(-5). Let a = u + m. Is a a prime number?
False
Let t = -308 - -154. Is t/(-2) + 0 + 0 a prime number?
False
Suppose r = v + 729, 5*r - 2*r + v - 2207 = 0. Is r prime?
False
Let b = -255 + 578. Is b composite?
True
Let d(z) be the second derivative of z**5/20 + 11*z**4/12 + 3*z**3/2 - 11*z**2/2 + z. Let x be d(-10). Is x/(-2) + 49/2 a composite number?
True
Suppose -5*i + 14 = y, -2